Let b be h(16). Suppose -c + b - 14 = 0. What is the tens digit of c?
7
Suppose 70 = 3*j + 10. Suppose 0*l = -l - r + j, 35 = 4*l - 5*r. What is the tens digit of 495/25 - 12/l?
1
Let d = 24 + -20. Suppose 56 = 2*p - 0*p - j, d*p - 4*j = 120. What is the tens digit of p?
2
Let t = 20 + 123. Suppose a + t = 3*m, 3*m - 4*a - 204 = -m. What is the units digit of m?
6
Let i(a) = a**3 + 4*a**2 - a + 4. Let h be i(-4). What is the units digit of (-2)/(h/12) - -15?
2
Suppose -4*u - 459 = 5*z, -4*z = u - 0*u + 112. What is the hundreds digit of ((4 - 1)*-1)/(3/u)?
1
Suppose -2*i = 5*b - 8, 3*i - 2*i - 4 = b. Suppose -3*p - 9 = -b*p. What is the units digit of 12*p/(-6)*9?
4
Suppose 21 - 35 = -7*u. Suppose 0 = u*x - q - 320, -200 = -x + 4*q - 26. What is the units digit of x?
8
Suppose -4*r - 10 = -9*r. Let d be (-4)/r - (-2 + -27). Let i = -21 + d. What is the units digit of i?
6
Let j = 14115 + -9831. What is the tens digit of j?
8
Let c(v) = 8*v**3 - 5*v**2 - 2*v - 31. What is the tens digit of c(7)?
5
Let t(q) = -1131*q + 173. What is the hundreds digit of t(-2)?
4
Let g(n) = 3*n**3 + 2 - 6 - 4*n**2 + 0*n**3. Suppose 4*i - 2*h - 8 = -6, -3*i - h + 14 = 0. What is the tens digit of g(i)?
4
Let m(a) = 10*a**3 + 5*a**2 - 17*a + 25. What is the hundreds digit of m(5)?
3
Let x be (-1)/(3*(-4)/(-456)*-2). Suppose 14*f - x*f = -65. What is the units digit of f?
3
Let t(c) = -c**2 + 7*c - 7. Let s be t(5). Suppose -2*q = 4*v - 366, -3*q = s*v + 2*q - 271. What is the units digit of v?
2
Suppose -p + 1 + 2 = 0. Suppose -109 = -p*x - 5*r, -5*r = -5*x + 44 + 71. What is the units digit of (-32)/(-4 - x/(-8))?
4
Let z(j) = 1040*j - 27. What is the units digit of z(3)?
3
Let t = -253 + 812. What is the units digit of t?
9
Suppose 0 = 6*l - 5*l - 4*i - 1003, 0 = -2*l + i + 1999. What is the tens digit of l?
9
Let y(b) = 4 - 2*b + b**2 - 3*b - 1. Let g be (-78)/(-10) + (168/30)/(-7). What is the units digit of y(g)?
7
Suppose 160 = -2*k - 3*k. What is the units digit of k*10/(-5 + 0)?
4
Suppose -2922 = 11*f - 17*f. What is the tens digit of f?
8
Let r = 207 + -90. Suppose 5*u + 37 = 2*j - 41, -2*u - r = -3*j. What is the units digit of j?
9
Suppose q - l - 344 = 0, 0*q - 5*q + 1720 = -3*l. What is the units digit of q?
4
Let z(o) = o**2 - 6*o - 10. Let x be z(7). Let w = 51 - x. What is the units digit of w?
4
Let n be (-28)/(-70) + 1397/(-5). Let p = n - -552. What is the tens digit of p?
7
Suppose -2*i - 3*i - 390 = 0. Let l = 132 + i. What is the tens digit of l?
5
Let a be (-177)/2*((-160)/15)/8. Let q = a - 71. What is the units digit of q?
7
Suppose -2*d - 3*q = -40, -4*d + 78 = q + 4*q. Suppose -2*z - 3*i + 17 + d = 0, 73 = 3*z - i. What is the units digit of z?
3
Suppose 0 = 5*s - f + 93 + 44, -5*f - 15 = 0. Let a be (-1)/((-27)/6) + (-1058)/(-18). Let q = a + s. What is the tens digit of q?
3
Let l = 25 + -19. Let i(n) = 2*n + 19. Let p be i(l). Let t = 3 + p. What is the units digit of t?
4
Let p be (-2)/15 - ((-7612)/(-30))/2. Let z = p + 322. What is the units digit of z?
5
Let o(t) = 27*t + 0*t + 0 - 1 + 22*t. Let s be o(1). Suppose 4*u - s = 148. What is the units digit of u?
9
Suppose g + 4*f - 127 - 102 = 0, -3*g = -f - 713. What is the units digit of g?
7
Let f = 62 - 26. Let j = 58 - f. What is the units digit of 4/(1 + j/(-26))?
6
Let h(z) = -z**2 - 7*z + 8. Let p be h(-8). Suppose -2*v = 5*d + 6, p = -0*d - d - v. What is the units digit of (3 - -22) + d/(-2)?
6
Let m be 58/5 + (-9)/15. Let y = m + -6. Suppose y*q = 85 - 30. What is the units digit of q?
1
What is the tens digit of ((-3)/(-4))/((-86125)/86164 + 1)?
5
What is the thousands digit of 3052 + -5*2/(-20)*10?
3
Let j be (-28)/49 - 32/(-7). Suppose -j*k - 5*b + 167 = 0, 4*k - 3*b - 2*b = 137. What is the units digit of k?
8
Let g(n) = 146*n**2 + 146*n**2 - n + 95 - 293*n**2. What is the tens digit of g(0)?
9
Let l(z) = -z**3 + 19*z**2 + 7*z - 15. What is the tens digit of l(6)?
9
Let s(w) = -w + 14. Let z = 22 - 10. Let j = -5 + z. What is the units digit of s(j)?
7
Let u = -474 - -309. Let j be (54/10)/((-11)/u). Suppose -3*h + i + j = -31, 5*i + 56 = h. What is the tens digit of h?
3
Let r be 4/(-6)*3 + 4. Suppose 0 = -3*d - 0*d + r*q + 18, 32 = 5*d - 4*q. What is the tens digit of (34/(-6) + d)*-15?
2
What is the units digit of (-5)/40*0 + 215?
5
Let s be 16/(-6)*(90/(-12))/5. Suppose -4*o - o - w = -428, -s*w = -12. What is the tens digit of o?
8
Let b(v) = -2 - 3 - 1 + 3 + 4*v. Let d be b(7). What is the units digit of 6/(-4) - d/(-2)?
1
Suppose 3*n - 3*r + 352 = 1804, -5*r - 484 = -n. What is the tens digit of n?
8
Let z(h) = h**2 + 0*h + 7 + 15 - 8*h - 25. What is the units digit of z(11)?
0
What is the tens digit of 18969/33 + (-22)/(-121)?
7
Let o(w) = -2*w**3 - 4*w**2 - 7*w - 9. Let q be o(-2). Suppose -3*f + q*a + 425 = 0, -4*f + 6*f = 5*a + 275. What is the tens digit of f?
5
Let a = 1289 - 741. What is the units digit of a?
8
Let y(u) = -11*u - 24. What is the units digit of y(-11)?
7
Let o(z) = z. Let x(g) = -1 + 3*g - 6*g - g - 3*g. Let n(m) = -39*o(m) - 6*x(m). What is the tens digit of n(11)?
3
Suppose 6*d = -22*d + 33992. What is the tens digit of d?
1
Suppose 4*j - 3*s - 671 = -2*s, 2*j = -3*s + 325. What is the units digit of j?
7
Let q(v) = -47*v - 31. Let p(i) = 23*i + 15. Let h(f) = -5*p(f) - 2*q(f). What is the units digit of h(-5)?
2
Let p(i) = 5*i**2 + i + 38. What is the tens digit of p(0)?
3
Suppose -3*a - 5*y + 1 = 0, 0 = a + a + 3*y - 1. Suppose 0 = -a*w - 3*p + 112, -9 = 3*w + 5*p - 176. What is the tens digit of w?
5
Let c(r) = -r**3 + 2*r**2 + 21*r - 18. Let i be c(8). Let u = -132 - i. What is the units digit of u?
2
Let z = 1 - 3. What is the tens digit of -1 - z*(4 - -11)?
2
Let s be ((-6)/5)/((-4)/(-10)). Let b = s + -3. Let a = 7 + b. What is the units digit of a?
1
Let o = -51 - -25. Let a be 4/o - (-10)/65. Suppose 12 = 2*y - a. What is the units digit of y?
6
Let u(a) = a**3 + 13*a**2 - a - 9. Let p be u(-13). Suppose -6*i + p*i = -138. What is the units digit of i?
9
Let p(s) = 53*s + 5. Let w(f) = 106*f + 9. Let d(r) = 5*p(r) - 3*w(r). Let q be d(-2). Suppose -4*v - 4 = -q. What is the units digit of v?
5
Suppose 5*l + 4380 = 5*o, o + 6*l = 3*l + 896. What is the tens digit of o?
8
Let o(l) = -l**3 - 4*l**2 - 2*l - 2. Let i be o(-4). Let f be i/(((-2)/7)/2). Let p = f + 84. What is the tens digit of p?
4
Suppose 2*a = 4*m - 5*m + 5, 4*m - 16 = -4*a. What is the tens digit of (13/(234/3036))/(2/m)?
5
Let g(m) = -3*m**2 + m - 2. Let w be g(-2). What is the tens digit of (-20)/w*-9*-4?
4
Suppose 73*m = 55*m + 37296. What is the thousands digit of m?
2
Let d = 108 - 63. Suppose -2*n + 75 = 3*n. Suppose -n + d = 6*t. What is the units digit of t?
5
Let x be 18/(-8)*8/(-3). Let m = x - 8. What is the tens digit of 3/m*186/(-9)?
3
Let x(f) = -f - 7. Let t be x(-7). Let o(h) = 15 - 4 + h**2 + h + 5 - 7 + h**3. What is the units digit of o(t)?
9
Let u = -796 - -1433. What is the units digit of u?
7
Let r = -6 + 24. Let d(v) = 16*v + v**3 - 12 + 0*v - 18*v**2 - 15*v. What is the units digit of d(r)?
6
Let y(h) = -2*h**3 + 7*h**2 - 3*h + 6. Let k be y(3). Let a(r) = -3*r + 2*r + k*r - r + 2. What is the tens digit of a(2)?
1
Let q = 20 + -15. Suppose -5*p = -3*o + 5, -q*p - 3 = -o - 2*p. Suppose -3*i + 93 = -o*i. What is the units digit of i?
1
Let s(i) = 33*i**2 - 9*i + 22. What is the thousands digit of s(10)?
3
Let o(i) = -174*i - 307. What is the hundreds digit of o(-21)?
3
Let o(r) be the first derivative of r**3 - 23*r**2/2 + 20*r + 7. What is the units digit of o(13)?
8
Suppose 2*a + 31 + 7 = 0. Let t = -31 + a. What is the tens digit of (-4)/(-8) + t/(-4)?
1
Let h be 16/(-6)*(-2 - (-2)/4). What is the units digit of 27 + (h - 3) + 3?
1
Suppose 4*r + 4*h = 23016, 5*r - 4*h - 28788 = -0*r. What is the units digit of r?
6
Let z be 4/2*2 - (180 + -3). Let b = z - -343. What is the tens digit of b?
7
Suppose j - 9 = -2*j. Suppose 0 = -s + 2*r - 2, 5 - j = r. Let i(y) = 11*y**2 - 5*y + 4. What is the units digit of i(s)?
8
Suppose 36*c + 66870 = 81*c. What is the tens digit of c?
8
Let d(t) = 13*t - 1. Let s be d(7). Let r(k) = -k - 1. Let f be r(-5). Suppose -j + s = f*j. What is the tens digit of j?
1
Suppose -p - 3*s = -53, -3*s + 4 = -2*s. Su